 -r**5/60 + 5*r**4/24 + r**3/2 + 41*r**2 + 90*r. Let v(g) be the first derivative of d(g). What is v(4)?
7
Let x be 55/65 + (-2)/(-13) + -3. Let t(a) = -2*a**2 - 25*a + 9. Let s(f) = f**2 + 11*f - 5. Let y(h) = x*t(h) - 5*s(h). What is y(-7)?
-7
Let d(y) = 20*y. Let m be -6*8/((-48)/(-10)). Let l(s) = s**2 + 5*s - 48. Let f be l(m). Determine d(f).
40
Let n = -8 + 19. Suppose -3*l - n = 1. Let k be (-1*(-8)/(-8))/((-2)/l). Let j(d) = d**3 + d**2 - 2*d - 2. Calculate j(k).
-2
Suppose 8*f - 5*u - 18 = 5*f, f - 6 = 3*u. Let o(w) be the first derivative of f - w**2 + 1/4*w**4 + 2*w - 4/3*w**3. Determine o(4).
-6
Let z(g) = g**2 - 21*g + 68. Let m(i) = 675*i - 1345. Let f be m(2). What is z(f)?
-12
Let p = -150 - -152. Suppose 0 = -p*l + 4*a - 4, -3*l - a - 7 = -6*a. Let x(d) = d**2 + 5*d + 5. What is x(l)?
1
Suppose -4*c = -2*v + 4*v - 234, -4*c + 238 = -2*v. Let g = -58 + c. Let q be g + (-3)/(-2) + 3/6. Let a(j) = j + 1. Determine a(q).
4
Let i(h) be the first derivative of h**2 - h - 267. What is i(3)?
5
Let j = -42 - -961. Suppose 8 = -923*l + j*l. Let b(h) = -h**3 + 0*h + 0 - 4*h**2 - 2*h - 3. Determine b(l).
-7
Let w(j) = 4*j**2 + 9*j - 5. Let z(x) be the third derivative of -x**5/60 - x**4/6 + x**3/6 - 2*x**2 + 136. Let q(v) = -w(v) - 5*z(v). Determine q(-10).
-10
Let v be (3/2)/((-157)/(-314)). Let c(p) = -23*p - 4. Determine c(v).
-73
Let w(p) be the first derivative of 1/3*p**3 + 2*p - 2 + 1/2*p**2. Let t be -21 - (12 - 270/9). Determine w(t).
8
Let x(v) = 14*v**2 + 4*v**3 - 2*v + 11*v**2 - 3*v**3 - 28*v**2. Let i(u) = -u**2 + u + 4. Let h be i(0). Let j be x(h). Let m(w) = w + 3. Determine m(j).
11
Suppose 87 = 2*j + 93. Let g(q) = q**2 - 7*q - 23. Let d be g(j). Let z(c) = -c + 3. What is z(d)?
-4
Suppose -4*l = 5*y + 817, -3*y + 2*l + 491 = -6*y. Let i = y - -231. Let f(r) = 66 - i - 2*r. What is f(-1)?
2
Let z(h) = -3*h + 7. Let x(q) = -3*q + 7. Let u(k) = 4*x(k) - 3*z(k). Let o(w) = -20*w - 346. Let i be o(-17). What is u(i)?
25
Let y(r) = -r**3 - 12*r**2 - 14*r + 1. Let g be (4 - (-7 - -9))*-5. Give y(g).
-59
Let k(x) = -x**3 - 11*x**2 + 13*x + 10. Let f be k(-12). Let u(w) be the first derivative of -2*w - w**2 - 5/3*w**3 - 1/4*w**4 + 10. Give u(f).
-10
Suppose -p - 1 = -2*q, -2*q = -3*p + 11 - 6. Let h(x) = 4*x**3 + 13*x**2 + 9. Let j(a) = 7*a**3 + 25*a**2 + 17. Let o(r) = p*j(r) - 5*h(r). What is o(-10)?
6
Let m(u) = -311*u - 210. Let a(b) = -70*b + 1. Let g(t) = -4*a(t) + m(t). What is g(-7)?
3
Let n(h) = 14 - 65 + 11*h + 23 + 4*h**2 + 8. What is n(2)?
18
Suppose -2*b - m + 848 = 0, 2117 = 5*b - 0*m + 4*m. Let a = 78 + 24. Let l be b/a - (-1)/(-6). Let s(v) = v**2 - 3*v + 2. What is s(l)?
6
Let g(s) = -720*s + 1440*s - 719*s + 3. Let v(l) = -l**3 + 6*l**2 + l - 9. Let p be v(5). Suppose a - t = -2*a - 15, -3*t = -5*a - p. What is g(a)?
-3
Let z(p) = -2*p**2 + 2*p - 9. Let k be z(-4). Let c = -54 - k. Let r(s) be the third derivative of s**6/120 + 7*s**5/60 + s**4/4 - s**3/6 - 23*s**2. Give r(c).
19
Let l(p) = 41227*p**2 - 82473*p**2 + 41235*p**2 + 10. Give l(2).
-34
Suppose -40*r - 332 = 43*r. Let y(u) = 5*u - 14. Determine y(r).
-34
Let i(g) = -g**2 + 5*g + 3. Let f be i(5). Let c(z) = 27*z - 267. Let m be c(10). Let t(h) = -33 - m + 3*h + 33. Give t(f).
6
Let o(m) = -18*m - 130. Let d be o(-25). Let q be (d/(-12))/8*3. Let k(v) = -v - 14. What is k(q)?
-4
Let q(u) = u**3 - 11*u**2 - 12*u + 9. Suppose 2*o - 2 + 39 = 5*z, -z = -5*o - 104. Let w be (-18)/o*-3*28/(-6). Calculate q(w).
9
Suppose 5*r - 18 = w + 10, 5*r - 24 = 3*w. Let j(g) = g**2 + g - 40. Let i be j(r). Let l(c) = 0*c - i*c + 3*c. Give l(-3).
-3
Let t(n) = -997*n**2 - 3 + 1004*n**2 + 4*n - 8*n. Calculate t(2).
17
Let u(c) be the second derivative of 2*c + 1/3*c**4 + 1/6*c**3 + 1/2*c**2 - 4. Determine u(-1).
4
Suppose 51*a = 54*a + 63. Let o be 1 + -2 - (a/(-7) + -5). Let c(b) = 3*b + 1. Determine c(o).
4
Let s(m) be the first derivative of m**2/2 + 11*m - 91. Let a = 271 + -280. What is s(a)?
2
Let o(m) = -m**3 - 17*m**2 + 18*m - 44. Let h = 40617 - 40635. Calculate o(h).
-44
Let y(o) = 20*o + 4. Let i be (-6)/((27 + -24)*2/4). Calculate y(i).
-76
Let s be (441/(-189))/((-2)/(-6)). Let n(h) = -h**3 - 6*h**2 + 8*h + 5. Give n(s).
-2
Let g = -97 + 113. Suppose 3*b = -u - 12, -u + 6*u + g = -4*b. Let q be 3/(b/(-4)*-3). Let s(p) = -6*p + 1. Calculate s(q).
7
Let b(w) = 3*w**2 - 90*w + 165. Let a be b(28). Let q(g) = -g**3 - 3*g**2 + 5*g. Determine q(a).
-15
Let d be 2 + (80/(-16))/((-3)/(-12)*4). Let w(i) = -9*i - 28. What is w(d)?
-1
Let c(t) be the second derivative of -t**4/12 + 7*t**3/6 - 4*t**2 - 4*t. Let v be 25/(350/(-112)) - -14. Determine c(v).
-2
Let o(d) = 28*d + 230. Suppose -3*j - 149 = 4*a - 105, j - a = -3. Give o(j).
6
Suppose -4*v + 4*u = -100 + 12, -v + 5*u = -42. Let z(t) = -v*t**2 - 1356*t**3 + 2 + 1354*t**3 + 5*t**2. Determine z(-6).
2
Let q(g) = 13*g**2 - 4. Let u be q(7). Suppose -621 = 4*s - u. Let l(o) = -o**3 + 2*o**2 + o**2 + o**2 - 1. Give l(s).
8
Suppose 2*r + 106*i - 110*i - 10 = 0, -5*r - 5*i + 25 = 0. Let s(u) = 9*u - 56. Determine s(r).
-11
Let j(o) = 12*o + 23 - 627*o**3 + 228*o**2 + 628*o**3 - 217*o**2. Give j(-10).
3
Suppose -4 + 12 = 2*q, -8 = 4*f + q. Let o(a) be the first derivative of -2*a**2 + 5*a + 42. Let y(z) = 3*z - 6. Let d(c) = f*y(c) - 2*o(c). Give d(11).
-3
Let w(p) be the third derivative of -p**5/60 - p**4/12 - p**3/6 + p**2. Let y be 332/1411 + 52/68. Give w(y).
-4
Suppose l - 4*d = 4*l - 25, -5*l = 2*d - 23. Suppose l*j + n = 13, 3*j + 3*n = 6*j - 21. Let g(z) = 1 + 9*z + 3 - 2*z - j*z. Calculate g(-6).
-8
Let x(g) = 3*g - g**2 - 18454 + 5*g + 18437 + 3*g. Give x(8).
7
Let i(d) be the first derivative of -d**5/4 + d**3/6 - d**2/2 - 143*d - 110. Let z(g) be the first derivative of i(g). Calculate z(1).
-5
Let q = 40 + -34. Let w(o) = o**3 - 5*o**2 - 6*o - 4. Determine w(q).
-4
Let g(z) = -6*z - 5. Let q(x) = 7*x + 6. Let y(f) = 6*g(f) + 5*q(f). Let r be (-22)/(-2) + 15 + -8. Suppose -20 = -19*a + r. What is y(a)?
-2
Let a(b) = -3*b**3 + 6*b**2 - 9*b + 10. Let l(y) = -7*y**3 + 12*y**2 - 22*y + 20. Let w(f) = -9*a(f) + 4*l(f). Determine w(-4).
-14
Suppose -5*w + 110 = -g + 123, w - 3*g = -11. Let b(h) be the second derivative of -11*h**3/6 - 2*h. Give b(w).
22
Let h(i) = i**2 + 6*i + 4. Let b(l) = -l - 1285 + 2*l + 1261. Let r be b(19). Calculate h(r).
-1
Let t(k) = -k**2 - 9*k - 6. Let d = 74 + -68. Suppose -55 = 7*z - d. Determine t(z).
8
Let w(r) = r - 1. Suppose 0 = -2*j - 4*y + 20, -4*j + y = 4*y - 20. Suppose -2*h - j*q - 23 = -q, -4*q = -2*h - 38. Let b be h/(-65) + 28/10. What is w(b)?
2
Let d(c) = c**3 + c**2 - c + 1. Let p(x) = -2*x**3 + 12*x**2 + 16*x - 8. Let b(k) = d(k) + p(k). Determine b(14).
7
Let c be -3*(0 - 1 - 0). Let j(w) = 4*w - 2. Let p(k) = 31*k - 11. Let a(g) = -6*j(g) + p(g). Let q(d) = -4*d. Let x(z) = c*a(z) + 5*q(z). Determine x(-3).
0
Let w(a) be the first derivative of -a**4/4 + 5*a**3/3 + a**2/2 + 5*a + 1104. What is w(3)?
26
Let n(k) = -3*k**3 + 2*k**2 + 9*k - 5. Let c be n(0). Let a(f) = 4*f**2 + 16*f - 12. Determine a(c).
8
Let q(o) be the second derivative of o**5/20 + 7*o**4/12 + 5*o**3/6 - o**2 - 9*o - 148. Calculate q(-3).
19
Let w(b) = -12*b + 1. Let l be (100/(-60))/(1/(-3)). Suppose 1 = -4*n + l*n. What is w(n)?
-11
Let b(t) = -t + 2. Suppose 345*h + 49 = 196*h + 347. Give b(h).
0
Let i(b) = -b**2 + b + 27. Suppose 5*t = 6*t, -4*o + t = -1596. Let a = o + -399. What is i(a)?
27
Let s(z) = 4*z**2 + 9*z - 20. Suppose 5*f - 27*v + 20 = -20*v, 3*f + 12 = -5*v. Give s(f).
8
Let y = -38962 + 38958. Let z(a) = a**3 + 5*a + 9. Let t(o) = -o**2. Let m(p) = -5*t(p) + z(p). What is m(y)?
5
Let r = -155 - -153. Let z(a) be the first derivative of -a**5/12 - a**4/12 + a**2/2 - 14. Let m(b) be the second derivative of z(b). Determine m(r).
-16
Let s(n) = 2*n**3 - 4*n**2 + 2*n - 4. Suppose 3*i = -3*m - 2*m + 101, 0 = -3*i - m + 121. Let h be i/231 - 2/11. Suppose h = -b - 7 + 10. Determine s(b).
20
Let x(f) be the third derivative of -f**5/6 - 13*f**4/24 - f**2 + 86*f. Let w(n) = -2*n. Let m(q) = 6*w(q) - x(q). Determine m(-1).
9
Let z = 119 - 77. Let v = z - 46. Let m(y) = 4*y**2 + 2*y + 6. Let r(k) = 11*k**2 + 6*k + 17. Let w(u) = 8*m(u) - 3*r(u). Give w(v).
-11
Let r(s) be the first 